 b*m - 5*k - 518 = 0. Is m a composite number?
False
Suppose 48*h = 44*h + 296. Is h composite?
True
Suppose 3*m - 4*m + 473 = -5*j, -1980 = -4*m - 2*j. Is m prime?
False
Is (-2067)/(-7) - (-18)/(-63) a composite number?
True
Suppose 3*v + 4*l - 43 = 0, -v = -2*l - 3 + 2. Is (3/v)/(2/282) prime?
True
Suppose 11*n - 7*n = 5348. Is n a composite number?
True
Let y be -3 + (2 + -6 - -53). Suppose -y = 5*o - 121. Is o a prime number?
False
Suppose -d = -5 + 2. Suppose a + 0*a = d*q - 630, -3*a = -3*q + 624. Is q prime?
True
Let v(d) = 2*d - 12. Let c be v(9). Is ((-4)/c)/(4/(-942)) a prime number?
True
Let z(s) be the first derivative of -s**3/3 + 7*s**2/2 - 4*s + 3. Let n be z(5). Let g = n - 0. Is g prime?
False
Suppose 4*f - 16 = 2*r - r, -4*f = -5*r - 16. Suppose -z + r*z - 78 = 0. Is (-12)/z + (-958)/(-26) composite?
False
Is 28*(515/20)/1 composite?
True
Let v be (-1 - -1)*(-5)/10. Let c be (-2 + 4)/(v - 1). Is 157 + (c - (-2 + 0)) a prime number?
True
Let d(o) = -4*o**3 - 2*o + 1. Is d(-3) a prime number?
False
Suppose y - 2*f - 179 = 0, -6*y - 5*f = -y - 895. Is y prime?
True
Suppose -25 = -3*d - 7. Let j(l) = 19*l + 1. Is j(d) a composite number?
True
Let o(r) be the second derivative of 25*r**3/6 - 5*r**2/2 + r. Is o(4) composite?
True
Let q = 78 - 153. Let j = 112 + q. Is j a composite number?
False
Let g(d) = -2*d - 8 + 2*d - 5*d + 3*d. Let c be g(-6). Suppose c*r = -2*w + 146, -2*r + 4*r - 3*w = 61. Is r prime?
False
Suppose -1290 + 10831 = 7*v. Is v a prime number?
False
Let o be (-135)/(-10)*(-3 - -1). Is (-19731)/o + 2/9 a composite number?
True
Let n(v) = -v**3 - v**2 - v + 254. Is n(0) composite?
True
Let r be 756/3*(1 + -2). Let x = -137 - r. Is x a composite number?
True
Let d be 8/28 - (-200)/(-14). Is (-494)/d + (-2)/7 prime?
False
Let l(g) = 5*g + 4*g**2 + g**3 - 3 - 2*g**3 - g. Let f(j) = j**3 + 7*j**2 + 4*j - 8. Let q be f(-6). Is l(q) composite?
False
Let v be ((-10)/(-8))/(2/8). Suppose 3*z - 1190 = -5*l, -5*l + 989 = -l - v*z. Let s = -144 + l. Is s composite?
False
Let h be (2/(-2))/((-1)/5). Suppose -h*x = -259 + 64. Is x composite?
True
Suppose -5*h + 12 = -0*k - 3*k, -2*h = -5*k - 1. Suppose 0 = 5*x - h - 7. Suppose 4*c = -3*f + x*f + 97, 4*f - 2*c - 352 = 0. Is f a prime number?
True
Suppose 11*g - 5 = 10*g. Suppose 4*p - 202 = 5*q, g*p - 3*q - q - 257 = 0. Is p prime?
True
Let u(k) = k**3 - 6*k**2 - 4*k - 1. Let b(y) = -y**3 - y - 1. Let t(l) = 2*b(l) + u(l). Let g be t(-5). Suppose 3*m = g*m + 15. Is m prime?
False
Let s = 669 - 85. Is -2 + 1 + s/4 composite?
True
Suppose s - 2*u - 5 = 0, -4*s + 3*u + 25 = s. Suppose -s*d + 3*j - 261 = 1734, 0 = 2*d - 4*j + 784. Let n = -217 - d. Is n composite?
True
Suppose 4*q - 12 = -4*j, -2*j = -0*j - q + 3. Suppose i - 5*s - 123 = 23, 4*s + 20 = j. Is i a composite number?
True
Suppose 5*o - 30 = 4*g, 0 = -o + 2*g + 3 + 9. Let x be (-2)/(-1)*15/o. Suppose 0 = -2*l - 3 + x. Is l a prime number?
False
Let w be -2*2/4*-838. Suppose -f = f - w. Is f a prime number?
True
Suppose 2*i - 4*i - 10 = 0, 3*i + 667 = 4*k. Is k prime?
True
Suppose 0 = 2*v - 6*s + 3*s - 48, 2*v = -s + 32. Let m = v - 5. Let j = m - 2. Is j prime?
True
Let g be (-93)/(-9)*3*-5. Suppose 2 + 2 = -s, 5*c = 4*s + 1406. Let j = c + g. Is j a prime number?
False
Suppose 0*k = -5*k - 5. Is (k - 11)/(-3) - -315 a composite number?
True
Suppose 3*w = -3*d + 18, -2*w = -4*d + 7 + 11. Let o(m) = 5*m - 3. Let y be o(d). Let l = -9 + y. Is l composite?
False
Is -3 + (-20)/(-4) + 183 a composite number?
True
Let q(d) = -d**2 - 7*d - 4. Let r be q(-5). Let o(p) = p**2 + 3*p - 1. Is o(r) prime?
True
Suppose -5*v - 385 = -5*w, 3*w - 206 = -5*v + 3*v. Let i be 2/(-2) + (2 - 1). Suppose -5*p + f + w = -88, i = 4*p - 5*f - 149. Is p a prime number?
True
Suppose -2*u + 1368 = -1018. Is u composite?
False
Let m be 2/5 + 16/10. Let h be m/(-1) + 11 + -2. Suppose -5*d - 2*w + h*w = -60, -d = -3*w - 16. Is d prime?
False
Suppose -a - 1 = 0, 4*l - 2538 = 4*a + 674. Is l composite?
True
Let q(m) = m**2 + 6*m + 7. Let h = 2 + 4. Is q(h) a composite number?
False
Suppose -423 - 17270 = -13*t. Is t a composite number?
False
Let f(t) be the second derivative of -t**5/20 + t**4/12 + t**3/3 + t**2/2 + t. Let j be f(-1). Is 6/3 + j/1 a composite number?
False
Let j(r) = -356*r + 1. Is j(-2) a composite number?
True
Suppose 8*s = 3*s + 635. Is s a prime number?
True
Suppose 0*g + 357 = 4*q + g, -g - 266 = -3*q. Let a = -23 + q. Suppose 4*w - 596 = 2*m - a, 3*m - 269 = -2*w. Is w composite?
True
Suppose 2*y + 31 = -3*k, -2*k + 2 = -3*y + 1. Let r(s) be the first derivative of s**3/3 + 5*s**2/2 + 1. Is r(k) a composite number?
True
Let g(y) = y**3 - 18*y**2 - 55*y + 11. Is g(22) a composite number?
True
Let w = -10 - -15. Suppose 2*z - 398 = -w*g - z, -311 = -4*g + 5*z. Is g prime?
True
Suppose -5*s + 10 = -3*r + 33, 2*r + 3*s - 9 = 0. Let h = r - -29. Is h a composite number?
True
Let m = -60 + 152. Let d = -29 + m. Suppose -3*c + 2*l = -53 - d, 0 = 5*c + 5*l - 185. Is c prime?
False
Suppose 0 = -4*b - 4*v + 1596, -4*b = -b - v - 1197. Let g = -278 + b. Is g a composite number?
True
Suppose -40 = -3*c + 5*o, 6*c - 3*c - 68 = -2*o. Suppose c*s - 16*s - 844 = 0. Is s a composite number?
False
Let d = -619 - -936. Is d composite?
False
Let z be -8 + (-1 - -4) + -3. Let o = -8 - z. Suppose o*k = -3*w - k + 63, 2*w + 3*k = 42. Is w composite?
True
Let d(k) = 2*k + 9. Let a be d(-7). Let o be 0 + (-1 - (a + -1)). Suppose -5*q + o*r = -q - 316, -2*q = 3*r - 158. Is q prime?
True
Let f(m) = -6*m + 1. Let c be f(3). Suppose 50 = 3*d - 8*d. Let z = d - c. Is z a composite number?
False
Let k(p) = 42*p**2 + 2*p - 1. Is k(-3) a prime number?
False
Suppose -51*h + 48*h + 2019 = 0. Is h a prime number?
True
Let k = 169 - -472. Is k prime?
True
Let x(h) = 8*h**2 - 2*h + 5. Is x(-3) prime?
True
Let x be 3*(-3)/(-9) + 1. Suppose n - 5 = -x*s, -3*n - 28 = -13. Suppose 5*y + s*k - 91 = -16, 2*y = 5*k + 58. Is y composite?
False
Suppose 2*u - 5*d = 0, d = 2*u + u - 13. Let f(x) be the second derivative of x**5/20 - x**4/3 - x**3/3 + 2*x**2 - 3*x. Is f(u) composite?
False
Suppose -3*q - 3*k = -4*k - 4687, 5*k = 4*q - 6242. Suppose 4*s = -2*b + q - 613, -5*s + 1189 = 4*b. Is s a prime number?
False
Suppose 408 = 5*l + 68. Suppose -5*x + l = 8. Suppose 7*v - 4*v - x = 0. Is v a prime number?
False
Suppose -3*b = 687 - 2718. Is b a composite number?
False
Let h be (1 + 1)/(2/3). Suppose -h*j + 0*j = -3. Is ((0 - 0) + j)*19 prime?
True
Let n = 26 - -21. Is n composite?
False
Let a(h) = -5*h - 3. Let d(y) be the third derivative of -y**4/24 + y**3 - y**2. Let w be d(8). Is a(w) prime?
True
Suppose -5*j - 2 + 17 = 5*v, 2*j - 9 = -5*v. Is ((-3)/(-6))/(j/844) prime?
True
Let j be 3132/48 - (-2)/(-8). Suppose m - 108 = 2*a - 0*a, 2*a = 4. Let p = m - j. Is p a composite number?
False
Let s = 11 - 11. Suppose 4*y - 268 - 240 = s. Is y a composite number?
False
Suppose 0 = -5*k - 232 + 777. Is k a prime number?
True
Let t = 1 + -1. Suppose t = -5*b + 2*b + 879. Is b a composite number?
False
Let a be 1 + -659 - -2 - -2. Let w = -338 - a. Suppose -5*o = w - 1021. Is o composite?
True
Suppose 0*a + a + 2 = 0. Let z be (-7)/a + 18/(-12). Suppose z*q - 7*q = -65. Is q a prime number?
True
Let u(a) = -4*a. Let d be u(-1). Suppose 0 = -3*y + d*j + 119, -2*j - 21 = -4*y + 121. Suppose 0 = 2*t - y - 37. Is t composite?
True
Suppose -5*p - 3*w = 0, -3*p + 2*w = 3*w - 4. Suppose 0 = 4*s - 5*v - 13, -3 = -p*s - 2*v + 1. Suppose -4*u = u - 15, -5*j = s*u - 241. Is j a prime number?
True
Let h be (4 - (-2 - -10)) + -374. Let k be ((-434)/(-6))/(1/(-3)). Let j = k - h. Is j composite?
True
Let p be 5075/7 + 0/2. Suppose -7*d + p = -2*d. Is d prime?
False
Suppose 102 = -4*o + 662. Suppose -2*g = -6*g + o. Is g composite?
True
Let s(l) = -l**2 - 7*l - 5. Let x be s(-6). Let q(w) = 2*w. Let v be q(x). Suppose k - 2*a = 14, 0 = -5*k + v*a - 4*a + 10. Is k a composite number?
True
Let t(y) = 8*y + 4. Let i be t(3). Is (4/(-8))/((-1)/i) prime?
False
Let r(k) = -9*k**2 - 5*k + 3. Let x(w) = w**2 + w. Let y(d) = -r(d) - 6*x(d). Let t be y(-4). Is 4/14 - (-4347)/t a composite number?
False
Let s = 47 + 40. Is s a composite number?
True
Suppose 0*l = -2*l - 3*c - 8, -5*c - 15 = 5*l. Let y be